 Give z(k).
19
Let p(w) be the second derivative of w**3/6 + w**2 - 12*w + 46. Suppose 2*b - 5*b + 15 = 0. What is p(b)?
7
Let j be 15/12*-2*-2. Let t(x) = 7*x**3 - j*x**3 + 15*x**3 - 37*x + 36*x. Let o(i) = 34*i**3 - 2*i. Let b(m) = -3*o(m) + 7*t(m). Determine b(1).
16
Suppose -3*q - 15 = 0, 3*f - 9*q = -11*q + 11. Let r(y) = -y**2 + 8*y**2 - 8*y**2 + 0*y**2 + f*y + 9. Give r(8).
1
Let o(b) be the third derivative of -23*b**4/24 - b**3/2 - 1139*b**2. What is o(1)?
-26
Suppose 4*c - 23 = -3*d, -4*d = 2*c - 33 + 9. Let m(j) = -7*j**3 - j**2. Determine m(c).
-60
Let n(x) = 6*x - 130. Let d be n(22). Let p(y) = 5*y**2 - 5*y - 6. Let i(w) = 15*w**2 - 17*w - 20. Let c(t) = d*i(t) - 7*p(t). What is c(-1)?
-4
Let p(t) = 9*t**2 + 3*t - 20. Let w(g) = g**3 + 31*g**2 - 36*g - 129. Let l be w(-32). Let m(i) = 2*i**2 + i - 1. Let x(j) = l*p(j) + 5*m(j). Give x(0).
15
Let r = -49 - -54. Let u(a) = a**2 + 13*a + 7. Let n(d) = -2*d - 1. Let c(f) = r*n(f) + u(f). What is c(-4)?
6
Let o be 115/35 - 4/14. Suppose 2 = -z + o. Let n(t) = 12649 - 12649 - 15*t**3. What is n(z)?
-15
Let d = 709 - 705. Let w(z) = z**3 - 10*z**2 - 14*z - 5. Let v(i) = i**3 - 11*i**2 - 14*i - 6. Let q(l) = d*v(l) - 3*w(l). Give q(15).
6
Let a(u) = -u + 32. Let i(w) = -2*w + 97. Let k(l) = -17*a(l) + 6*i(l). Let z(j) = -4 - 3*j - 1 - 16 - 4. Let q(o) = 5*k(o) + 8*z(o). Give q(9).
-1
Let y = -30 - -30. Suppose r + 36 = -y. Let v be (-6)/(-27) + 80/r. Let s(b) = 4*b + 3. Calculate s(v).
-5
Let h be 15/6*(-4 - 0). Let a(u) = 16*u**3 + 18*u**2 - 13*u + 7. Let d(t) = -9*t**3 - 9*t**2 + 6*t - 3. Let o(n) = -4*a(n) - 7*d(n). What is o(h)?
-7
Let i = 1422 - 1421. Let b(x) = -5*x**2 + 3*x - 2. Determine b(i).
-4
Let a(i) = -380*i + 5882. Let m(k) = -220*k + 3361. Let n(w) = -17*a(w) + 30*m(w). What is n(6)?
-4
Let j(d) = -8*d**2 + 28*d + 1. Let x(t) = -t**2 + 5*t. Let k(f) = j(f) - 6*x(f). Give k(1).
-3
Let w(i) = 3*i**3 + 2*i**2 - 3*i + 6. Let r(j) = -4*j**3 - j**2 + 3*j - 6. Let g(u) = -4*r(u) - 5*w(u). Let o be 63*((-3840)/630)/(-64). Calculate g(o).
12
Let v(u) = -u**3 - 5*u**2 + 7*u + 3. Let z(x) = -13*x + x**2 + 12 - 49 + 26. Let r be z(14). Suppose 8*y - 2*m + 34 = 3*y, 2*y + r*m = -6. What is v(y)?
-3
Let u(c) = c - 1. Let h = 1226 + -1226. Suppose 1 = -q - 2. Let n be (h + -4)/4 + q. Determine u(n).
-5
Let j(u) = 0*u + 0*u - u**2 + 66 - 61 - 5*u. Let l be (11 + 216/(-16) + 10)*(-4)/5. What is j(l)?
-1
Let n(v) = -3*v**2 - 2*v - 18. Let g(x) = -11*x**2 - 10*x - 73. Let j(s) = -g(s) + 4*n(s). Let o = -19 - -10. Let b = o + 13. What is j(b)?
-7
Let w(g) = g**2 + 121*g - 7474. Let s be w(45). Let v(q) = -q - 61. Calculate v(s).
-57
Suppose -4*y = 0, y + 69780 = 8*z - 3*z. Let x(r) = -3 + z*r + 3 - 13952*r - r**2. Give x(5).
-5
Suppose -2*p - o - 11 = -3*p, -5*o = 20. Let g(f) = f**2 + 2*f**2 + 8*f**2 - 10*f**2 + 433*f - 5 - 219*f - 221*f. Determine g(p).
-5
Let j(q) = -q**3 - 9*q**2 - 8*q + 9. Suppose -3*f = 4*a + 17, -6*f + 10*a = -11*f - 25. What is j(f)?
-33
Suppose -18 + 21 = f. Suppose -2*o + 65 = f*o. Let w(d) = -6*d - 4 - 11*d + o*d. Determine w(-4).
12
Let r(z) = -2*z - 37. Let t(n) = 1. Let a(i) = -r(i) - 5*t(i). Give a(-27).
-22
Let s(a) = -5*a + 3. Let b(y) = y + 12. Suppose 13*k - 5*k = 0. Let f be b(k). Suppose 20*c = 16*c - f. What is s(c)?
18
Let d(t) = -42*t - 1092. Let c be d(-26). Let w(f) = f**2 - f + 40. What is w(c)?
40
Let y(a) = -a**2 + 21. Let u be -7*(-2)/(-84) - 111/(-18). Give y(u).
-15
Let r be 28/(-70)*1 - 81/(-15). Let i(p) be the first derivative of -2*p**3/3 + 4*p**2 - 5*p + 1. Determine i(r).
-15
Let f(i) be the third derivative of 5/12*i**4 + 0 - 1/6*i**3 + 50*i**2 + 0*i. Calculate f(3).
29
Let c(w) = 3*w**2 + 14*w - 10. Let r(t) = -4*t**2 - 21*t + 15. Let n(o) = -7*c(o) - 5*r(o). Let k = -86 - -105. Suppose k*m - 2*m = 68. Determine n(m).
7
Let d(y) = -y**2 + 3*y + 11. Let w be 171/(-38)*4/(-3). Let c be 27/(-18)*(-20)/w. Determine d(c).
1
Let j(y) = y**2 + 7*y - 5. Let g be (20/(1520/399))/(6/(-8)). Give j(g).
-5
Let n(o) = -1617*o**3 + 53*o**2 + 156*o - 69. Let c(z) = -95*z**3 + 3*z**2 + 9*z - 4. Let a(g) = 35*c(g) - 2*n(g). Give a(1).
-91
Let p(d) = 440 - 3*d - 248 - 187. Determine p(-8).
29
Suppose -2*x + 15 = -179. Suppose -4*f - 21 + x = 0. Let i(n) = -8 + n**2 - 7 - 8*n + f. Give i(4).
-12
Let h(v) = 12*v - 7. Suppose -268*u + 67*u = 0. What is h(u)?
-7
Let d(g) be the first derivative of 5 - 1/2*g**2 - g**3 + 1/12*g**4 - 14*g. Let h(f) be the first derivative of d(f). Give h(7).
6
Suppose -25 = -2*x - 5*v, 3 = -23*v + 26*v. Let m(z) = z**2 - 7*z - 10. Give m(x).
20
Let y(c) = -2*c + 79. Let k = 19135 + -19103. Give y(k).
15
Let d(h) = 3*h**2 - 20*h + 7. Let o(y) = 3*y + 1. Let a(w) = -d(w) - 5*o(w). What is a(-4)?
-80
Suppose 0 = 3*g + g + 8. Let y(d) be the third derivative of 5/24*d**4 + 0*d + 5 + 1/2*d**3 + 2*d**2. Calculate y(g).
-7
Let l(z) = 11*z - 72. Let g(r) = 25. Let b(j) = -j. Let c(o) = 4*b(o) + g(o). Let t(p) = 17*c(p) + 6*l(p). Determine t(-7).
7
Let b(j) = -5*j + 2. Let a(y) = -y - 1. Let g(u) = -6*a(u) + b(u). Let d be g(16). Suppose -4*i = 2*i + d. Let n(v) = v**3 + 4*v**2 + 5*v + 2. Calculate n(i).
-18
Let t(a) = -3*a**2 + 23*a + 47. Let p(w) = 16*w**2 - 124*w - 237. Let c(o) = 2*p(o) + 11*t(o). Calculate c(9).
7
Suppose -4*z = -2*z. Let q = z - 0. Let b(c) be the first derivative of -c**4/4 + c**3/3 - 11*c - 4756. What is b(q)?
-11
Let b be (-72)/(-14)*189/(-18) - 0. Let l = -46 - b. Let h(n) = 2*n**2 - 1 + 3*n**3 - 5 + l. Calculate h(-2).
-14
Let b(a) be the second derivative of a**5/10 - 3*a**4/4 - a**3 + 7*a**2/2 - 207*a - 1. Give b(5).
2
Let s(p) = p**2 - 1019*p. Let f(r) = -253*r - 1. Let q(i) = 4*f(i) - s(i). Let g = -2 + 7. Give q(g).
6
Let q be (-244)/(-24) + -10 - 46/(-12). Let o(j) = -j**3 + 6*j**2 - j. Give o(q).
28
Let p(l) = -l**2 - 20*l - 104. Let m be 6/40*-76 - (-2)/5. Calculate p(m).
-5
Suppose g - 15 = -2*g. Suppose -1 = k, 3*k - 4*k = -3*n + 1321. Let l(t) = t**3 - n + 433 - t - 3*t - 4*t**2. What is l(g)?
-2
Let v = -69 + 64. Let g(y) = 8*y + 40. Let k be g(v). Suppose 3*h - 65 + 35 = k. Let j(b) = b - 14. Give j(h).
-4
Suppose p + 420 = 8*p. Suppose -5*o = o - p. Let m(n) = 4*n - 12 - 6 - 1 + o. Give m(6).
15
Let a be 3105/(-460) + 1*3/4. Let q(p) = -p**2 - 2*p + 32. Calculate q(a).
8
Let r(k) = -k**2 + 19*k - 27. Let z(h) = 7*h**3 + 639*h**2 + 181*h - 71. Let c be z(-91). What is r(c)?
-47
Suppose -3*h - h = -3*u + 32, u = -3*h - 11. Let s(i) = -i + 149 - 64 - 2*i - 81. Calculate s(h).
19
Let a(h) = -14*h**3. Let n(i) = -i**2 + 3*i - 1. Let s(q) = 3*q**2 - 10*q + 4. Let w(m) = -8*n(m) - 3*s(m). Let z be w(5). Suppose 4 = -3*k + z. Give a(k).
14
Let w(q) = 0*q - 7 + 0*q - 15*q + 14*q. Determine w(6).
-13
Let l(x) be the third derivative of -x**6/120 + x**5/6 - 2*x**4/3 + x**3/6 + 103*x**2 + 5. Calculate l(8).
1
Suppose 2*d - 8 - 8 = 0. Let g(j) be the second derivative of -j**3/6 + 11*j**2/2 + 5*j - 194. Determine g(d).
3
Let z(f) = f**2 - 9*f + 7. Suppose -m = -7*m - 96. Let l(y) = y**2 + 19*y + 55. Let x be l(m). What is z(x)?
-7
Let c(k) be the second derivative of k**4/2 + 3*k**3/2 + 3*k**2 + 35*k. Let r(x) = -x**2 - x - 1. Let o(s) = c(s) + 5*r(s). Suppose -d + 8 = -3*d. Give o(d).
1
Let h(z) be the first derivative of z**3/3 + 4*z**2 - 28*z - 425. Give h(-12).
20
Let p(j) = 5 + 0*j + 3*j - 2*j. Let k(o) = o**3 + 34*o**2 - 73*o - 12. Let d be k(-36). Let g be 54/(-36)*d/9. Determine p(g).
1
Suppose -2*d + 24 = -4*w - 0, -2*w = 5*d + 12. Let f(m) be the first derivative of m**3/3 + m**2/2 - 12*m - 1. Give f(d).
-12
Suppose 0 = 5*y - 3*y - 4. Let l(t) be the second derivative of 2*t**3/3 - 5*t**2/2 + 87*t + 3. Calculate l(y).
3
Let i(m) = -3*m**2 + 1. Let g(u) = -u**2. Let p(z) = 2*g(z) - i(z). Let d(k) = 6*k**2 - 2*k - 5. Let h(s) = -d(s) + 5*p(s). Give h(1).
1
Let a(k) = 2*k**3 - 13*k**2 + 19*k + 2. Let n = -26716 - -26718. Calculate a(n).
4
Let f(p) = -5*p + 58. Let i(h) = -9*h + 112. Let q(m) = -5*f(m) + 3*i(m). Let b be q(22). Let y(x) = 9*x**2 - x**3 - 3 - 6*x**2 + 1. Give y(b).
2
Suppose 8*a - 10 = 11*a - 4*s, 0 = 3*a + 2*s - 14. Suppose 4*u = 4*k - 20, a*u + 3*k - 8*k + 16 = 0. Let d(v) = v**2 + 2*v + 1. Calculate d(u).
4
Let k = -508 - -949. Let u be -1*13/3 + 147/k. Let i(r) = 2*r**2 + 3*r -